 a factor of 7230879?
False
Is 4551875 a multiple of 172?
False
Is 67 a factor of 322055254?
False
Is 8681920 a multiple of 425?
False
Does 410 divide 41392654?
False
Does 474 divide 15943938?
True
Does 533 divide 16037812?
False
Is 260 a factor of 31894980?
True
Does 125 divide 1286784250?
True
Is 613 a factor of 1072610857?
False
Does 3068 divide 410406360?
True
Is 182 a factor of 99701602?
True
Is 3 a factor of 1682108?
False
Is 986 a factor of 1974163710?
False
Is 23 a factor of 108314452?
True
Is 120249156 a multiple of 23?
False
Is 519429844 a multiple of 42?
False
Is 15 a factor of 80740685?
False
Is 39 a factor of 30497178?
False
Is 36 a factor of 109123200?
True
Is 158 a factor of 31492560?
True
Is 1196700002 a multiple of 2901?
False
Is 2719271280 a multiple of 48?
True
Is 43229796 a multiple of 1164?
True
Does 170 divide 97609579?
False
Does 16 divide 11730272?
True
Is 25 a factor of 99834701?
False
Does 221 divide 1498862664?
True
Is 14 a factor of 2391562978?
True
Is 4293267083 a multiple of 92?
False
Is 84268504 a multiple of 92?
True
Is 256 a factor of 2462572?
False
Is 4470 a factor of 1735041922?
False
Is 12 a factor of 1676294?
False
Is 45600926 a multiple of 111?
False
Is 613731867 a multiple of 21?
True
Does 310 divide 359937280?
True
Is 81 a factor of 17606889?
True
Is 158002980 a multiple of 12?
True
Is 321 a factor of 96546699?
False
Is 239 a factor of 322640918?
True
Does 905 divide 2653620839?
False
Is 154146545 a multiple of 2219?
False
Is 1339710670 a multiple of 7725?
False
Is 30 a factor of 1840860270?
True
Is 19288753 a multiple of 22?
False
Does 91 divide 226356222?
False
Is 733 a factor of 11548570?
False
Does 466 divide 6610236?
False
Is 6782430 a multiple of 730?
True
Is 1083985836 a multiple of 681?
True
Is 778146446 a multiple of 77?
True
Does 6 divide 107607624?
True
Is 209498249 a multiple of 4?
False
Is 62287190 a multiple of 163?
True
Is 1111 a factor of 1136705059?
False
Is 567499459 a multiple of 5919?
False
Is 6389695 a multiple of 125?
False
Is 81870417 a multiple of 10?
False
Does 12 divide 845221464?
True
Does 9 divide 6289846?
False
Is 1012422701 a multiple of 7388?
False
Does 12 divide 64182131?
False
Is 677003465 a multiple of 281?
True
Is 44022481 a multiple of 4?
False
Is 24859256 a multiple of 206?
True
Is 185349169 a multiple of 1997?
False
Is 1232 a factor of 1362816224?
True
Is 2172075789 a multiple of 14?
False
Is 118690160 a multiple of 12?
False
Is 10 a factor of 4576831?
False
Does 126 divide 88225540?
False
Does 32 divide 4842752?
True
Is 27824352 even?
True
Is 14 a factor of 109285361?
False
Is 17194080 a multiple of 678?
True
Is 8141846 a multiple of 11?
False
Is 5 a factor of 3282107?
False
Does 558 divide 221751667?
False
Does 168 divide 255319512?
True
Is 986987996 a multiple of 3242?
True
Is 17 a factor of 1191304410?
True
Is 56 a factor of 918563?
False
Is 207 a factor of 8267994?
True
Is 235 a factor of 124643060?
True
Is 217818351 a multiple of 37?
False
Is 7 a factor of 384428499?
True
Does 39 divide 1658542?
False
Is 9 a factor of 90875833?
False
Is 1365792344 a multiple of 22?
False
Does 12 divide 234938354?
False
Does 521 divide 94726758?
False
Is 107873001 a multiple of 222?
False
Is 123 a factor of 762744402?
True
Is 120925008 a multiple of 12?
True
Is 90717841 a multiple of 796?
False
Is 67 a factor of 49196023?
True
Is 509106208 a multiple of 772?
True
Does 2031 divide 51810596?
False
Is 959359988 a multiple of 9396?
False
Is 487489946 a multiple of 1559?
True
Does 632 divide 278138144?
True
Is 2153305446 a multiple of 62?
True
Does 286 divide 248341522?
True
Is 6008160 a multiple of 15?
True
Is 5 a factor of 101626041?
False
Does 11 divide 27365883?
False
Is 249857055 a multiple of 217?
True
Does 2809 divide 277965354?
False
Does 499 divide 41951628?
False
Does 5 divide 5649862?
False
Is 1179626468 a multiple of 716?
True
Is 86256927 a multiple of 3863?
True
Does 75 divide 6167047?
False
Is 25 a factor of 2264140?
False
Does 148 divide 1717007052?
True
Is 30622696 a multiple of 523?
True
Is 5844096 a multiple of 27?
True
Is 128531747 a multiple of 1609?
True
Does 396 divide 42270624?
True
Is 578 a factor of 10624218?
True
Does 42 divide 5261234?
False
Does 1773 divide 583380828?
True
Is 818 a factor of 2265930348?
True
Is 58 a factor of 1327445103?
False
Is 1433199756 a multiple of 204?
True
Is 3069 a factor of 529153911?
True
Does 70 divide 2359827?
False
Is 16 a factor of 7976948?
False
Is 1137177370 a multiple of 30?
False
Does 9 divide 625097?
False
Is 243168150 a multiple of 2431?
False
Does 90 divide 2074665330?
True
Is 218 a factor of 135659602?
False
Is 452 a factor of 524857831?
False
Does 3224 divide 689955344?
True
Does 226 divide 17770990?
False
Is 24445382 a multiple of 3640?
False
Is 200158134 a multiple of 1023?
True
Is 107042859 a multiple of 913?
True
Does 72 divide 179805384?
True
Is 1357325310 a multiple of 66?
True
Is 2028 a factor of 299811408?
True
Does 9 divide 109170?
True
Is 6004739 a multiple of 21?
False
Is 841 a factor of 695313416?
False
Is 53 a factor of 17933663?
True
Does 12 divide 1676304?
True
Is 48838321 a multiple of 116?
False
Is 13454376 a multiple of 696?
True
Is 10893233 a multiple of 5?
False
Is 239334167 a multiple of 31?
True
Is 13 a factor of 342616188?
False
Is 38 a factor of 186133956?
True
Is 12435792 a multiple of 71?
True
Is 547 a factor of 748722726?
False
Is 8 a factor of 31126496?
True
Is 179 a factor of 3023879620?
False
Is 2 a factor of 87973508?
True
Is 672726400 a multiple of 860?
True
Does 10 divide 18028926?
False
Does 1807 divide 540599404?
False
Is 6282356 a multiple of 29?
False
Is 31 a factor of 2371119?
False
Is 41 a factor of 1057695696?
True
Is 9 a factor of 97515648?
True
Is 65808386 a multiple of 427?
True
Is 360427837 a multiple of 5?
False
Does 918 divide 117318564?
True
Is 288580360 a multiple of 70?
False
Is 442244803 a multiple of 107?
True
Is 24665323 a multiple of 2?
False
Does 1272 divide 494604877?
False
Is 4509216 a multiple of 306?
True
Is 254 a factor of 2031268405?
False
Does 869 divide 10358705?
False
Does 4 divide 1761279696?
True
Is 28 a factor of 46127125?
False
Is 68 a factor of 1257153944?
True
Does 127 divide 115340892?
True
Does 31 divide 1526377597?
True
Is 400 a factor of 298532400?
True
Is 267893718 a multiple of 1002?
True
Does 5683 divide 590975170?
True
Is 177227853 a multiple of 114?
False
Is 39 a factor of 3484415961?
True
Is 25 a factor of 276448864?
False
Is 101 a factor of 683536850?
False
Is 1599 a factor of 38646231?
True
Is 2299 a factor of 40554360?
True
Is 4 a factor of 13634201?
False
Is 3878 a factor of 135193045?
False
Is 251098958 a multiple of 11?
True
Is 57852365 a multiple of 141?
False
Is 5572070828 a multiple of 16?
False
Is 2186471363 a multiple of 129?
False
Does 218 divide 23192245?
False
Is 51 a factor of 890047716?
True
Is 273 a factor of 2996888?
False
Does 789 divide 47741601?
True
Is 13 a factor of 979921839?
True
Is 313213729 a multiple of 13?
False
Does 103 divide 300531847?
False
Is 264 a factor of 372205031?
False
Does 1792 divide 21575680?
True
Is 19 a factor of 136328787?
False
Is 7 a factor of 11638732?
True
Is 11383473 a multiple of 2?
False
Does 1328 divide 95197680?
True
Is 3165 a factor of 236209316?
False
Does 83 divide 506040127?
True
Does 12 divide 706872385?
False
Is 96571636 a multiple of 43?
True
Is 2517479 even?
False
Does 72 divide 1716307200?
True
Is 167 a factor of 219296885?
True
Does 28 divide 1932887880?
True
Is 47 a factor of 15818328?
False
Is 41 a factor of 102059537?
True
Is 80970544 a multiple of 662?
True
Is 122658192 a multiple of 18?
True
Does 1718 divide 651620220?
True
Does 557 divide 166554140?
True
Does 2369 divide 135739195?
False
Is 1098 a factor of 13247370?
True
Does 1876 divide 24127110?
False
Is 13 a factor of 173631474?
False
Does 59 divide 19862232?
True
Is 169 a factor of 129226101?
False
Is 503542805 a multiple of 6?
False
Is 37462980 a multiple of 171?
False
Is 533 a factor of 977736761?
False
Does 127 divide 3849286?
False
Is 75321820 a multiple of 70?
True
Is 2 a factor of 5329894?
True
Does 1769 divide 47156603?
False
Does 12 divide 54223102?
False
Is 4264553949 a multiple of 360?
False
Is 3075